{"id":1949,"date":"2026-01-27T23:56:21","date_gmt":"2026-01-27T23:56:21","guid":{"rendered":"https:\/\/vittoriamaxsuplementos.com\/?post_type=product&#038;p=1949"},"modified":"2026-01-27T23:57:21","modified_gmt":"2026-01-27T23:57:21","slug":"whey-protein-isolado-iso-protein-2kg-bodybuilders-2","status":"publish","type":"product","link":"https:\/\/vittoriamaxsuplementos.com\/?product=whey-protein-isolado-iso-protein-2kg-bodybuilders-2","title":{"rendered":"Whey Protein Isolado Iso Protein 2kg Bodybuilders"},"content":{"rendered":"<div class=\"relative px-md overflow-hidden border-on-surface-8 after:pointer-events-none after:absolute after:bottom-[0] after:left-[0] after:h-[72px] after:w-full after:bg-gradient-to-b after:from-[#FFFFFF00] after:to-[#FFFFFF] md:after:content-none md:px-lg max-md:border-b-thin\" data-testid=\"tab-product-detail\">\n<div data-testid=\"product-detail\">\n<div class=\"mt-md font-xsm-regular\" data-testid=\"product-detail-description\">\n<p><strong>Iso Protein \u2013 Suplemento Proteico de Alta Qualidade<\/strong><\/p>\n<p>Ganhe massa muscular magra e fortale\u00e7a seu corpo com o\u00a0<strong>Iso Protein<\/strong>, uma f\u00f3rmula premium desenvolvida para quem leva o treino a s\u00e9rio.<\/p>\n<p>Com uma combina\u00e7\u00e3o poderosa de\u00a0<strong>prote\u00edna isolada do soro do leite (WPI)<\/strong>,\u00a0<strong>prote\u00edna isolada da soja<\/strong>\u00a0e\u00a0<strong>col\u00e1geno hidrolisado<\/strong>, o Iso Protein fornece todos os amino\u00e1cidos essenciais para\u00a0<strong>constru\u00e7\u00e3o, recupera\u00e7\u00e3o e manuten\u00e7\u00e3o muscular<\/strong>.<\/p>\n<p>\u2705\u00a0<strong>Alta absor\u00e7\u00e3o<\/strong><\/p>\n<p>\u2705\u00a0<strong>F\u00f3rmula avan\u00e7ada e eficaz<\/strong><\/p>\n<p>\u2705\u00a0<strong>Ideal para p\u00f3s-treino<\/strong><\/p>\n<p>\u2705\u00a0<strong>Apoia o desempenho f\u00edsico e a sa\u00fade muscular<\/strong><\/p>\n<p>Indicado para\u00a0<strong>atletas e praticantes de atividades f\u00edsicas<\/strong>, \u00e9 a escolha certa para quem busca resultados reais com qualidade nutricional.<\/p>\n<\/div>\n<\/div>\n<\/div>\n<div class=\"hidden border-on-surface-8 md:px-lg md:block md:py-md\" data-testid=\"tab-product-factsheet\">\n<h2 class=\"text-on-surface-2 font-md-bold md:font-title-large-highlight md:mb-md\" data-testid=\"product-factsheet-title\">Ficha T\u00e9cnica<\/h2>\n<div class=\"pt-2xsm\">\n<table class=\"w-full list-none\" data-testid=\"table-factsheet\">\n<tbody>\n<tr class=\"text-on-surface-3 even:bg-surface-container-lower\">\n<td class=\"px-md py-sm align-top font-xsm-bold table-cell w-1\/2\" data-testid=\"table-factsheet-key\">Marca<\/td>\n<td class=\"list-item w-full px-md py-sm align-top font-xsm-regular\">Bodybuilders<\/td>\n<\/tr>\n<tr class=\"text-on-surface-3 even:bg-surface-container-lower\">\n<td class=\"px-md py-sm align-top font-xsm-bold table-cell w-1\/2\" data-testid=\"table-factsheet-key\">Tamanho<\/td>\n<td class=\"list-item w-full px-md py-sm align-top font-xsm-regular\">2kg<\/td>\n<\/tr>\n<tr class=\"text-on-surface-3 even:bg-surface-container-lower\">\n<td class=\"px-md py-sm align-top font-xsm-bold table-cell w-1\/2\" data-testid=\"table-factsheet-key\">Formato do Produto<\/td>\n<td class=\"list-item w-full px-md py-sm align-top font-xsm-regular\">P\u00f3<\/td>\n<\/tr>\n<tr class=\"text-on-surface-3 even:bg-surface-container-lower\">\n<td class=\"px-md py-sm align-top font-xsm-bold table-cell w-1\/2\" data-testid=\"table-factsheet-key\">Embalagem<\/td>\n<td class=\"list-item w-full px-md py-sm align-top font-xsm-regular\">Pote<\/td>\n<\/tr>\n<tr class=\"text-on-surface-3 even:bg-surface-container-lower\">\n<td class=\"px-md py-sm align-top font-xsm-bold table-cell w-1\/2\" data-testid=\"table-factsheet-key\">Al\u00e9rgicos<\/td>\n<td class=\"list-item w-full px-md py-sm align-top font-xsm-regular\">Cont\u00e9m Gl\u00faten e Lactose<\/td>\n<\/tr>\n<tr class=\"text-on-surface-3 even:bg-surface-container-lower\">\n<td class=\"px-md py-sm align-top font-xsm-bold table-cell w-1\/2\" data-testid=\"table-factsheet-key\">Recomenda\u00e7\u00e3o de Uso<\/td>\n<td class=\"list-item w-full px-md py-sm align-top font-xsm-regular\">Adicione 60g em 300ml de \u00e1gua e agite<\/td>\n<\/tr>\n<tr class=\"text-on-surface-3 even:bg-surface-container-lower\">\n<td class=\"px-md py-sm align-top font-xsm-bold table-cell w-1\/2\" data-testid=\"table-factsheet-key\">Especialidades Alimentares<\/td>\n<td class=\"list-item w-full px-md py-sm align-top font-xsm-regular\">WPI e Prote\u00edna isolada de soja<\/td>\n<\/tr>\n<tr class=\"text-on-surface-3 even:bg-surface-container-lower\">\n<td class=\"px-md py-sm align-top font-xsm-bold table-cell w-1\/2\" data-testid=\"table-factsheet-key\">Registro do produto ANVISA<\/td>\n<td class=\"list-item w-full px-md py-sm align-top font-xsm-regular\">N\u00e3o se aplica<\/td>\n<\/tr>\n<tr class=\"text-on-surface-3 even:bg-surface-container-lower\">\n<td class=\"px-md py-sm align-top font-xsm-bold table-cell w-1\/2\" data-testid=\"table-factsheet-key\">Registro do produto Minist\u00e9rio da Agricultura (MAPA)<\/td>\n<td class=\"list-item w-full px-md py-sm align-top font-xsm-regular\">N\u00e3o se aplica<\/td>\n<\/tr>\n<tr class=\"text-on-surface-3 even:bg-surface-container-lower\">\n<td class=\"px-md py-sm align-top font-xsm-bold table-cell w-1\/2\" data-testid=\"table-factsheet-key\">Modelo<\/td>\n<td class=\"list-item w-full px-md py-sm align-top font-xsm-regular\">Pote<\/td>\n<\/tr>\n<tr class=\"text-on-surface-3 even:bg-surface-container-lower\">\n<td class=\"px-md py-sm align-top font-xsm-bold table-cell w-1\/2\" data-testid=\"table-factsheet-key\">Garantia<\/td>\n<td class=\"list-item w-full px-md py-sm align-top font-xsm-regular\">Nenhuma<\/td>\n<\/tr>\n<tr class=\"text-on-surface-3 even:bg-surface-container-lower\">\n<td class=\"px-md py-sm align-top font-xsm-bold table-cell w-1\/2\" data-testid=\"table-factsheet-key\">Componentes Al\u00e9rgicos<\/td>\n<td class=\"list-item w-full px-md py-sm align-top font-xsm-regular\">Cont\u00e9m Gl\u00faten e Lactose<\/td>\n<\/tr>\n<tr class=\"text-on-surface-3 even:bg-surface-container-lower\">\n<td class=\"px-md py-sm align-top font-xsm-bold table-cell w-1\/2\" data-testid=\"table-factsheet-key\">Especificidades Alimentares<\/td>\n<td class=\"list-item w-full px-md py-sm align-top font-xsm-regular\">WPI e Prote\u00edna isolada de soja<\/td>\n<\/tr>\n<tr class=\"text-on-surface-3 even:bg-surface-container-lower\">\n<td class=\"px-md py-sm align-top font-xsm-bold table-cell w-1\/2\" data-testid=\"table-factsheet-key\">Formato do Suplemento<\/td>\n<td class=\"list-item w-full px-md py-sm align-top font-xsm-regular\">P\u00f3<\/td>\n<\/tr>\n<tr class=\"text-on-surface-3 even:bg-surface-container-lower\">\n<td class=\"px-md py-sm align-top font-xsm-bold table-cell w-1\/2\" data-testid=\"table-factsheet-key\">Marca<\/td>\n<td class=\"list-item w-full px-md py-sm align-top font-xsm-regular\">Bodybuilders<\/td>\n<\/tr>\n<tr class=\"text-on-surface-3 even:bg-surface-container-lower\">\n<td class=\"px-md py-sm align-top font-xsm-bold table-cell w-1\/2\" data-testid=\"table-factsheet-key\">Modelo<\/td>\n<td class=\"list-item w-full px-md py-sm align-top font-xsm-regular\">Pote<\/td>\n<\/tr>\n<tr class=\"text-on-surface-3 even:bg-surface-container-lower\">\n<td class=\"px-md py-sm align-top font-xsm-bold table-cell w-1\/2\" data-testid=\"table-factsheet-key\">Peso do Produto<\/td>\n<td class=\"list-item w-full px-md py-sm align-top font-xsm-regular\">2kg<\/td>\n<\/tr>\n<tr class=\"text-on-surface-3 even:bg-surface-container-lower\">\n<td class=\"px-md py-sm align-top font-xsm-bold table-cell w-1\/2\" data-testid=\"table-factsheet-key\">Prazo de Garantia<\/td>\n<td class=\"list-item w-full px-md py-sm align-top font-xsm-regular\">Nenhuma<\/td>\n<\/tr>\n<tr class=\"text-on-surface-3 even:bg-surface-container-lower\">\n<td class=\"px-md py-sm align-top font-xsm-bold table-cell w-1\/2\" data-testid=\"table-factsheet-key\">Recomenda\u00e7\u00f5es de Uso<\/td>\n<td class=\"list-item w-full px-md py-sm align-top font-xsm-regular\">Adicione 60g em 300ml de \u00e1gua e agite<\/td>\n<\/tr>\n<tr class=\"text-on-surface-3 even:bg-surface-container-lower\">\n<td class=\"px-md py-sm align-top font-xsm-bold table-cell w-1\/2\" data-testid=\"table-factsheet-key\">Registro Anvisa N\u00famero<\/td>\n<td class=\"list-item w-full px-md py-sm align-top font-xsm-regular\">N\u00e3o se aplica<\/td>\n<\/tr>\n<tr class=\"text-on-surface-3 even:bg-surface-container-lower\">\n<td class=\"px-md py-sm align-top font-xsm-bold table-cell w-1\/2\" data-testid=\"table-factsheet-key\">Sabor<\/td>\n<td class=\"list-item w-full px-md py-sm align-top font-xsm-regular\">Baunilha<\/td>\n<\/tr>\n<tr class=\"text-on-surface-3 even:bg-surface-container-lower\">\n<td class=\"px-md py-sm align-top font-xsm-bold table-cell w-1\/2\" data-testid=\"table-factsheet-key\">Tipo de Embalagem<\/td>\n<td class=\"list-item w-full px-md py-sm align-top font-xsm-regular\">Pote<\/td>\n<\/tr>\n<\/tbody>\n<\/table>\n<\/div>\n<\/div>\n","protected":false},"excerpt":{"rendered":"<p>Ganhe massa muscular magra e fortale\u00e7a seu corpo com o\u00a0<strong>Iso Protein<\/strong>, uma f\u00f3rmula premium desenvolvida para quem leva o treino a s\u00e9rio.<\/p>\n<p>Com uma combina\u00e7\u00e3o poderosa de\u00a0<strong>prote\u00edna isolada do soro do leite (WPI)<\/strong>,\u00a0<strong>prote\u00edna isolada da soja<\/strong>\u00a0e\u00a0<strong>col\u00e1geno hidrolisado<\/strong>, o Iso Protein fornece todos os amino\u00e1cidos essenciais para\u00a0<strong>constru\u00e7\u00e3o, recupera\u00e7\u00e3o e manuten\u00e7\u00e3o muscular<\/strong>.<\/p>\n<p>&nbsp;<\/p>\n","protected":false},"featured_media":1950,"template":"","meta":[],"product_brand":[],"product_cat":[309,315],"product_tag":[],"class_list":{"0":"post-1949","1":"product","2":"type-product","3":"status-publish","4":"has-post-thumbnail","6":"product_cat-categorias-por-produto","7":"product_cat-whey-protein","9":"first","10":"instock","11":"shipping-taxable","12":"purchasable","13":"product-type-simple"},"_links":{"self":[{"href":"https:\/\/vittoriamaxsuplementos.com\/index.php?rest_route=\/wp\/v2\/product\/1949","targetHints":{"allow":["GET"]}}],"collection":[{"href":"https:\/\/vittoriamaxsuplementos.com\/index.php?rest_route=\/wp\/v2\/product"}],"about":[{"href":"https:\/\/vittoriamaxsuplementos.com\/index.php?rest_route=\/wp\/v2\/types\/product"}],"wp:featuredmedia":[{"embeddable":true,"href":"https:\/\/vittoriamaxsuplementos.com\/index.php?rest_route=\/wp\/v2\/media\/1950"}],"wp:attachment":[{"href":"https:\/\/vittoriamaxsuplementos.com\/index.php?rest_route=%2Fwp%2Fv2%2Fmedia&parent=1949"}],"wp:term":[{"taxonomy":"product_brand","embeddable":true,"href":"https:\/\/vittoriamaxsuplementos.com\/index.php?rest_route=%2Fwp%2Fv2%2Fproduct_brand&post=1949"},{"taxonomy":"product_cat","embeddable":true,"href":"https:\/\/vittoriamaxsuplementos.com\/index.php?rest_route=%2Fwp%2Fv2%2Fproduct_cat&post=1949"},{"taxonomy":"product_tag","embeddable":true,"href":"https:\/\/vittoriamaxsuplementos.com\/index.php?rest_route=%2Fwp%2Fv2%2Fproduct_tag&post=1949"}],"curies":[{"name":"wp","href":"https:\/\/api.w.org\/{rel}","templated":true}]}}